st derivative of -c**2/2 - 8. Let l be 0/(1/((-1)/1)). Suppose l = -m - 4*m + 20. Give k(m).
-4
Let w(i) = -i**3 - 5*i**2 + 4*i. Let b = -15 + 19. Let j be b - (-2 + -7)*-1. Calculate w(j).
-20
Let v(j) = -66*j - 7. Let t(y) = -33*y - 4. Let o(x) = -5*t(x) + 3*v(x). Calculate o(-1).
32
Let o(m) = -11*m + 1. Let k(r) = r + 9. Let g be k(0). Let s = 4 - g. Let w(z) = -10*z + 1. Let q(x) = s*w(x) + 4*o(x). Calculate q(3).
17
Let p be 9 + ((-12)/4 - 0). Let o(u) = 0*u - u**3 - 3 + 0*u + 58*u**2 - 52*u**2. Determine o(p).
-3
Let n(z) be the third derivative of -13*z**5/30 - z**4/12 + z**3/6 + 91*z**2. What is n(1)?
-27
Let l = 605 - 603. Let g(h) be the third derivative of -h**l + 1/24*h**4 - 1/3*h**3 + 0 + 0*h - 1/60*h**5. Calculate g(-2).
-8
Let q(m) = -3*m**2 + m + 4. Let u be (18/(-14) - 2) + (-2)/(-7). What is q(u)?
-26
Let c(b) = 4*b**3 - b. Suppose -35 = 4*p - 31. Calculate c(p).
-3
Let u = 210 + -201. Let p(l) = -l**2 + 4*l + 10. Calculate p(u).
-35
Let m(q) = -q**3 - 8*q**2 + 2. Let a be (-12)/(2 - (-3)/(-6)). Let i be m(a). Let l(s) = 9*s + 6*s - 14*s + i. Give l(3).
5
Let w(k) = 6*k - 8. Suppose 2*m - 3*p - 16 = -4, 2*p = -2*m + 12. Give w(m).
28
Let t(z) = z + 17. Let o be t(-11). Let r(c) = 0*c**2 - 3*c**3 - o*c**2 + 2*c**2 + 2*c**3 + 1 - 3*c. Let d be ((-9)/(-6))/((-1)/2). What is r(d)?
1
Let x(w) = 4*w**2 + 3 - w**3 + 3*w + 2*w + 0*w. Let r(a) = a + 17. Let s(c) = 2*c - 28. Let k be s(8). Let m be r(k). Give x(m).
3
Let r(u) be the second derivative of -u**4/12 + u**3/2 - 394*u. Give r(6).
-18
Let c(z) = -z - 1. Suppose 3 = 2*n - 3. Suppose -k - 13 = -n*q, -q - 1 = 2*k + 3*k. Let b = 1 + k. What is c(b)?
-1
Let w(l) be the second derivative of 3*l**7/280 - l**5/120 - 5*l**3/6 + l. Let z(o) be the second derivative of w(o). Suppose 3*n = n - 2. Determine z(n).
-8
Let l(z) = -5*z**2 + 7*z - 4. Let f(b) = 3*b**2 - 4*b + 2. Let a(q) = 7*f(q) + 4*l(q). Let y be a(-2). Let k(v) = 3*v - 2. Determine k(y).
4
Let r(b) be the first derivative of -b**3/2 - 9*b**2/2 + 15*b + 1. Let q(o) be the first derivative of r(o). Calculate q(-6).
9
Let n(u) = u**2 + 3*u. Let y(g) = 5*g**2 + 20*g + 4. Let j(r) = 4*n(r) - y(r). Give j(-7).
3
Let w(s) = -s**2 + 4*s - 2. Let t = 756 - 760. Give w(t).
-34
Let l(r) = 7*r + 13. Suppose 96 = -58*q - 78. What is l(q)?
-8
Let o(l) = -l**3 - 7*l**2 - 5*l + 11. Suppose -5 = 12*n + 67. What is o(n)?
5
Let u(r) be the second derivative of r**5/10 + r**4/4 + r**3/2 - 97*r. What is u(-2)?
-10
Let q(u) be the third derivative of u**4/8 + 5*u**3/3 + 442*u**2. Calculate q(0).
10
Let a = 6 + -8. Let d(o) be the third derivative of -o**5/10 - o**4/24 + o**3/3 - 5597*o**2. Determine d(a).
-20
Let h(a) = -a**2 - 15*a - 17. Suppose -23*p - 560 = 17*p. Calculate h(p).
-3
Let c(z) = z**3 - 2*z**2 - 4*z + 15. Let o(x) = 2*x**3 - 5*x**2 - 9*x + 29. Suppose -21 = 10*r + 9. Let g(h) = r*o(h) + 7*c(h). Give g(0).
18
Let x be -14 - (3 + -1 + -8). Let o(q) = -q**2 - 5*q + 7. What is o(x)?
-17
Let i(j) = -j**2 + 9*j + 11. Let h be (-2)/(-6) + 87/9. Let r be i(h). Let d(p) = 8*p. Determine d(r).
8
Let f(m) = 4 + m**2 + 95*m - 52*m - 50*m. What is f(9)?
22
Let o(d) be the third derivative of d**5/60 - 11*d**4/24 - 5*d**3/6 + 226*d**2. Give o(12).
7
Let m(o) = -o**3 + 38*o**2 - 39*o + 76. Let c be m(37). Let w(d) = 3*d + 2. Give w(c).
8
Let o(u) be the first derivative of -9*u**2/2 + 191. Determine o(4).
-36
Let p(c) = -4*c**2 + 10*c - 7. Let o(n) = -11*n**2 + 29*n - 20. Let k(u) = 3*o(u) - 8*p(u). What is k(7)?
-4
Suppose 5*z + 5*o - 105 = 0, -5*o = z - o - 30. Suppose 2*r - z = -r. Let g(t) be the second derivative of t**4/12 - 5*t**3/6 - 3*t**2/2 - 16*t. Give g(r).
3
Let s(k) = -k**3 - 7*k**2 - 7*k + 1. Let u be 2/(-2 + -2)*-8. Suppose 5*n + 44 = 2*x, x = 2*n - u*x + 26. Let z = n + 2. What is s(z)?
7
Let n(b) be the second derivative of -b**4/12 - b**3/3 + b**2 - 29*b. Let h be (-6*(-4)/6)/(-1). What is n(h)?
-6
Suppose 0 = 4*y - 4*t - 16, -3*t - 14 - 13 = 2*y. Let r(p) be the third derivative of 0*p - 2/3*p**3 + 0 + 2*p**2 + 1/24*p**4. Calculate r(y).
-7
Let x(a) = 15*a**3 - a**2 + 1. Suppose -4*q - 8 = 4*g - 0, 4*q - 2*g = -2. What is x(q)?
-15
Let o(l) be the second derivative of -l**6/720 + l**5/60 - 19*l**4/12 + 3*l. Let f(b) be the third derivative of o(b). What is f(-3)?
5
Let i = 322 + -318. Let t(r) = r - 1. Calculate t(i).
3
Let v(c) = -13*c**2 + 1. Let o be ((-10)/(-17 - 3))/(2/4). Give v(o).
-12
Let i be (-357)/102*(-8)/14. Let j(s) = 5*s**3 - 3*s**2 - 9*s. Let z(r) = 2*r**3 - r**2 - 4*r. Let d(o) = 3*j(o) - 7*z(o). Calculate d(i).
2
Let s be 3 - -1*0/(-4). Suppose -5*c = s*h - 20, -2*h + 2 = -5*c - 3. Let m(f) = 3*f**2 - 612 - 2*f**2 + 610 - 4*f. Calculate m(h).
3
Let a(s) = -17*s - 8. Let z be a(-3). Let c = z - 41. Let j(y) = -6 + 5 + 4*y + 1. What is j(c)?
8
Let q(t) = -4*t**2 + 5*t**2 + 4*t + 0*t + 4*t. Let d(a) = 5*a**2 + 33*a. Let b(l) = 2*d(l) - 9*q(l). What is b(7)?
7
Let i(c) = 3*c**2 + 5*c - 2. Let v(x) = 2*x**2 + 5*x - 2. Let h(t) = 4*i(t) - 5*v(t). Let o = -1 - -1. Let l(b) = b**3 + b + 3. Let u be l(o). Give h(u).
5
Let l(a) = 2*a**2 - 2*a + 1. Suppose -t - t + 4 = -b, -4*b + 5*t = 7. Let y be ((-10)/(-2) - 3)/b. Calculate l(y).
1
Let z(y) be the second derivative of y**3/3 + 2*y**2 + y + 26. Determine z(-5).
-6
Let t = -5 - -8. Let y(z) be the second derivative of -z**2 + 0*z**3 - 1/12*z**4 + 6*z + 0. What is y(t)?
-11
Let d(f) be the second derivative of -f**4/12 + 9*f. Suppose 2*n = -4*t + 8, -2*n - 3*t + 2 = -3. Calculate d(n).
-4
Let p(x) = -63*x + 34*x - 6 + 37*x. Let y(z) = -5*z + 4. Let c(k) = 5*p(k) + 7*y(k). Determine c(2).
8
Suppose 0 = 127*h - 125*h + 2. Let d(c) = 9*c + 7. Calculate d(h).
-2
Let o(l) = -l**3 + 9*l**2 - 8*l + 7. Let p = -7 + -46. Let g = -45 - p. What is o(g)?
7
Suppose -60*d + 8*d = 0. Let p(t) = t**2 - t + 7. Determine p(d).
7
Let y(z) = 16*z + 21. Let r(q) = 19*q + 20. Let w(v) = -5*r(v) + 6*y(v). Calculate w(0).
26
Let q = 81 + -72. Suppose 13*s + q*s + 88 = 0. Let t(d) be the first derivative of d**3/3 + 2*d**2 + 2*d - 2. Calculate t(s).
2
Suppose -3*i + 9 + 16 = 5*l, 0 = -4*i + 2*l + 16. Let g(c) = -c**2 + 2*c - 4. Calculate g(i).
-19
Let g = 14 + -13. Let t(x) = 0*x**3 - x**3 - x**2 + 0 - x + 9 - g. Suppose 0 = -8*b + 10*b. What is t(b)?
8
Let d(r) = 10*r**2 + 3*r - 1. Let y(k) = 12*k**2 + 3*k - 2. Let l(v) = -5*d(v) + 4*y(v). Let f be 12/2*5/(-15). Calculate l(f).
-5
Let y be (-4)/3 - (-7 - 115/(-15)). Let f(l) = -l**2 - 2*l. What is f(y)?
0
Let w(h) be the second derivative of h**4/12 - h**3/3 + 15*h. Suppose 3*y - 2 = 10. Suppose 2*b - y = -2*b. Give w(b).
-1
Let i(m) = -3*m - 2. Suppose -10 = -2*k - 3*k. Let l be (-1)/k - (-357)/(-34). Let x = l + 8. Determine i(x).
7
Let f(k) = -k**3 + 3*k**2 + 5*k - 9. Let s(r) = -4*r + 180. Let l be s(44). Give f(l).
-5
Let d(w) = -w**3 + 19*w**2 - 17*w - 24. Suppose 252 = 43*v - 522. Give d(v).
-6
Let v(s) = s**3 - 4*s**2 - s + 4. Let f(j) = -j**3 + 14*j**2 - 10. Let p be f(14). Let b = 14 + p. Give v(b).
0
Let g(b) = b + 2. Let k(d) = d**2 - 4*d - 2. Let p be k(5). Let v(u) = -6*u + u + 2*u + 2 + u**p + u**2 + 2. Let r be v(-3). What is g(r)?
-3
Let q be 4 + (4 - (2 - -11)). Let z(x) = -5 + 2*x**2 + 2*x - 5*x**2 - 4*x + 2*x**2. What is z(q)?
-20
Let b(v) = 22 + 2*v**2 - v**2 - 11*v - 11. What is b(9)?
-7
Let p(c) be the third derivative of -c**4/8 + c**2. Calculate p(1).
-3
Let j(w) = -5*w - 3. Let b be ((-4)/6)/((-6)/9)*-4. Let q(g) = 14*g + 10. Let t(k) = b*q(k) - 11*j(k). Calculate t(-8).
1
Let z be (-10)/45 + 2/9. Let h(p) = -2*p - 21 + p - 3*p**2 + 2*p**2 + z*p. What is h(0)?
-21
Let w(r) = -28*r**2 - 19*r + 1. Let j(n) = 13*n**2 + 9*n. Let o(y) = -13*j(y) - 6*w(y). Give o(-5).
-16
Let j be 1 - (-3 + 4 + 1 + -3). Let d(c) = -2*c**2 - 301*c - c**3 + 305*c - 3*c**j. Calculate d(-6).
12
Let j be 3 - 6 - (-10*1 - -3). Suppose 3*y + 8 = -j. Let w(p) = p**3 + 4*p**2 - 4. Give w(y).
-4
Let s(u) be the first derivative of -3/2*u**2 - u + 21 + 2/3*u**3. Calculate s(-3).
26
Let u(a) = -9*a**2 - 1. Let x be -14*(0 - 8/14). Let c be (2 - (x - 4)) + 3. Determine u(c).
-10
Suppose k - 7 = -g, 3*k - 4*g = -0*g. Let t be ((-2772)/54)/(3/((-9)/2)). Let b(l) = -4*l + t - 42 + l**2 - 38. Calculate b(k).
-3
Let l(h) be the first derivative of 4*